ndreds digit of 3/(21/z) + (-25119)/(-63)?
3
Suppose 3*d + 8*f - 3*f = -25, -d + 5*f = -25. Suppose 3*x + d*x = 69. Suppose 2*p - 47 = -a, 23 = a + 3*p - x. What is the tens digit of a?
4
Let r = 1445 - 50. Suppose h - 1815 = v, 4*h = v + 8664 - r. What is the thousands digit of h?
1
Suppose -5*v = -2*s + 64, -2*v + 4*s = -5*v - 28. What is the tens digit of 3*(4786/42 + v/42)?
4
Suppose 0 = -f - 6, 4*z + 64*f - 65*f - 162842 = 0. What is the units digit of z?
9
Let r(q) = -q + 4. Let m be r(0). Let y be -279*(0 + m/(-12)). Suppose w + 2*w = y. What is the tens digit of w?
3
Let a(k) be the first derivative of k**4/4 + 3*k**2 + 319*k - 171. What is the units digit of a(0)?
9
Suppose 2*a = 3*o - 19229, 0 = 2*o - 4*a - 8076 - 4746. What is the tens digit of o?
0
Let q = 357 - -163. Let t = q + -22. What is the hundreds digit of t?
4
Let p = -34 - -55. What is the tens digit of p?
2
Let h = -276 + 190. Let z be (-14)/(-105) - h/30. What is the hundreds digit of 1/z + (-2324)/(-21)?
1
Let i(p) = -p**3 + 2*p**2 + 4*p - 6. Let g be i(3). Let f(o) = -511*o + 26. What is the units digit of f(g)?
9
Suppose 0 = -4*q - 19*f + 14*f + 40730, 10205 = q + 5*f. What is the ten thousands digit of q?
1
Suppose 324 = -0*i + 18*i. Suppose 13*y - i*y + 3905 = 0. What is the tens digit of y?
8
Let p(v) = 7*v**2 + 19*v + 129. What is the hundreds digit of p(-18)?
0
Let t(l) = l**3 + 3*l**2 + l - 13. Let m be t(-5). Suppose -26 - 56 = 2*s. Let d = s - m. What is the tens digit of d?
2
Let o be ((-1 - 0)*-1)/(2/6704). What is the hundreds digit of (6/4)/(13420/o - 4)?
4
Let d = -20 - -1392. What is the units digit of (17/(357/(-72)))/((-8)/d)?
8
What is the units digit of ((-4)/40*24)/(2/(-1005))?
6
What is the tens digit of 2/(-2)*(157 - 2141)?
8
Let o(t) = 129*t + 7749. What is the units digit of o(-39)?
8
Let l = 363 + -362. Suppose 4 = -s + l, 0 = -2*w + 3*s + 195. What is the units digit of w?
3
Suppose 5*b = 2*x - 112990, 33*x - 2*b + 169428 = 36*x. What is the ten thousands digit of x?
5
Suppose 50*z + 5*n - 14684 = 49*z, -3*z = 4*n - 44096. What is the hundreds digit of z?
7
Let z(i) = -i**3 - i**2 - 2*i + 1. Let t be z(-2). Let h = 122 - 104. Let d = t + h. What is the tens digit of d?
2
Let q(k) = 2*k + 8*k**3 - k**2 - 2*k**2 - 7*k**3 - 4*k + 4 + 14*k**2. Let o(t) = t**2 - 9*t - 11. Let z be o(9). What is the tens digit of q(z)?
2
Let o(t) = 2*t**3 - 22*t**2 + 57*t - 75. What is the hundreds digit of o(18)?
4
Suppose 79*f - 62516 = 346151. What is the units digit of f?
3
Let a(w) = -4*w**3 - 37*w**2 - 26*w - 6. What is the units digit of a(-15)?
9
Let f(y) = -3*y**3 + 5*y**2 + 4*y - 7. Let z be f(5). Let q(a) = -115*a - 28. Let d be q(1). Let v = d - z. What is the units digit of v?
4
Suppose -54*w - 8075 = -79*w. Suppose 2*b = 8, -1110 = -5*j + 3*b + w. What is the tens digit of j?
8
Suppose 5*z = 5*k - 45, -9 = 4*z + 11. Suppose k*n = -5*t + 4668, 7*t + 2*n - 930 = 6*t. What is the units digit of t?
6
Suppose -3*j - 962 = -4*y - 4*j, -2*j - 4 = 0. Let z = 306 - y. What is the units digit of z?
5
What is the tens digit of ((-10)/2 - 301534/(-8)) + (-6)/8?
8
What is the units digit of (7 + -16 + 6 - 2) + 7764?
9
Suppose 0 = k - q, -4 = -0*q - 2*q. Let o be k/(-5) + -5 + 506/(-10). Let m = o + 60. What is the units digit of m?
4
Let z be ((-132)/77)/((-3)/21). Let n(k) = -k**2 + 36*k + 9. What is the tens digit of n(z)?
9
Suppose -7351 - 23579 = -10*y. Suppose -5*h + 4*z = -y, -2*h - 5*z - 627 = -3*h. What is the tens digit of h?
1
Let m be 16/32*(1 + 2 + -3). Suppose -3*l - g = 2, 3*g = -m*g + 3. Let y(n) = 46*n**2 + n + 1. What is the units digit of y(l)?
6
Suppose -n - 180 = -16*n. Suppose 0 = n*p - 4256 + 860. What is the tens digit of p?
8
Let q(h) = 5*h - 29. Let n be q(7). Let c(i) = 2*i - 10. Let l be c(n). Suppose 50 = p - 3*s, -l*p + 5*p - 182 = s. What is the units digit of p?
2
Let a(o) = 111*o**3 + 3*o**2 + 5*o + 17. What is the units digit of a(4)?
9
Let p be (-8)/(-6) + (5 - (-408)/18). Suppose p*j + 9*j = 5966. What is the units digit of j?
7
Let j(x) = 151*x**2 + 22*x - 291. What is the tens digit of j(11)?
2
Let c(t) = -t**3 - 14*t**2 - 43*t - 2. Let h be ((-52)/39)/((-4)/(-42)). What is the hundreds digit of c(h)?
6
Let n be (-8)/(-64) + 5506/(-16). What is the hundreds digit of (-2690)/(-21) - (-4 + n/(-84))?
1
Let a be 5 + (-2 + 2 - -1)*-1. Let o be 49*(-8)/(2 - a). Suppose 0*y - 211 = -2*p - y, 2*y + o = 2*p. What is the tens digit of p?
0
Suppose 1384*h + 17930 = 1398*h - 10084. What is the units digit of h?
1
Let s = -47469 - -105910. What is the tens digit of s?
4
Suppose 67*s - 104*s + 105413 = 0. What is the thousands digit of s?
2
Let v(i) = 129*i - 81. Let x(g) = -2*g + 1. Let z(j) = v(j) - 2*x(j). What is the units digit of z(11)?
0
Let g(a) = -2*a**2 + 19*a - 14. Let k(q) = -6*q**2 + 58*q - 42. Let w(b) = 17*g(b) - 6*k(b). Let n be w(12). What is the tens digit of 85 - (7 - (n - -1))?
8
Let i(x) be the second derivative of 919*x**3/6 + x**2 + 179*x. What is the hundreds digit of i(1)?
9
Let a(i) = 2*i**2 - 2*i - 1. Let h(d) = -19*d**2 + 15*d - 33. Let z(f) = -4*a(f) - h(f). What is the units digit of z(5)?
7
Let a(l) = l**3 - 7*l**2 + 6*l - 9. Let t be a(6). Let i(h) = -65*h + 166. What is the units digit of i(t)?
1
Let b(w) be the second derivative of -29*w**3/6 - 2*w**2 + 9*w. Let d be 2/(-4)*8/2. What is the units digit of b(d)?
4
Let g = -69 + 129. Let n = g - 53. Let s(q) = 3*q**2 - 5*q - 14. What is the tens digit of s(n)?
9
Let p = 18 + 63. Let v = 83 - p. Suppose -t + v*r = t - 512, 3*r + 258 = t. What is the tens digit of t?
5
Let a = 9583 - 3656. What is the tens digit of a?
2
Let c(a) be the second derivative of -a**5/20 - 3*a**4/4 - 11*a**3/6 - 6*a**2 - a. Let p be 2/(-3 + 50/18) + 0. What is the units digit of c(p)?
7
Let u(n) = 2*n + 24. Let j be u(48). What is the tens digit of (262/(-6))/(((-8)/2)/j)?
1
Let y(i) = 6*i - 23. Let q be y(7). Let n = -21 + q. Let m(x) = 10*x**2 - x + 1. What is the tens digit of m(n)?
4
Let b(i) = i**3 - 11*i**2 - 7*i - 66. Let d be b(12). Let u(j) = 1 - 2*j**2 - 14 + 3*j**2 - 13*j. What is the hundreds digit of u(d)?
1
What is the thousands digit of (-15)/(-9) - (-1 + 3) - 348400/(-75)?
4
Suppose 4*i = 674 - 214. Let j = -50 + 42. What is the units digit of (-2)/j + i/20?
6
What is the thousands digit of (2525/75 + -10)*114?
2
What is the ten thousands digit of (1116/15)/(3 - ((-38692)/(-2580) + -12))?
2
Let w(k) = -35*k - 149. Let a be ((-14)/(-5) + 2)*(-80)/12. What is the units digit of w(a)?
1
What is the units digit of 45/21 + (-7403238)/(-567)?
9
Let k(m) = 40*m - 39. Let q be k(4). Let l = q - 127. What is the tens digit of (-1 - 4/l)/((-7)/2373)?
1
Let g be (-8)/6 + (-679)/(-3). Let v be (-2)/(3 + (-678)/g). Suppose -v = 44*a - 46*a. What is the units digit of a?
5
Let x = -275 - -271. Let t(m) = 6*m**2 + 4*m + 9. What is the tens digit of t(x)?
8
Suppose 17*x + 60611 = -x + 208841. What is the hundreds digit of x?
2
Let v = 866 + -864. Suppose -c - 102*j + 101*j = -1323, j = -v*c + 2649. What is the hundreds digit of c?
3
Let j(l) = l - 3*l + 596 - 583. Let o be j(6). What is the units digit of -2 + o*1/(-1) + 55?
2
Let g = 195 + -189. Suppose -5*w - 5*y = -490, 0 = -2*w + g*y - 2*y + 178. What is the units digit of w?
5
Suppose 6*y = x + 3*y + 9, -2*x + 4*y - 18 = 0. Let k = x - -25. Suppose -35 = -k*c + 15*c. What is the units digit of c?
5
Suppose 0 = 7*r + 6 - 41. Suppose 4*u - r*h = 601, 0 = -4*u - 18*h + 13*h + 551. What is the tens digit of u?
4
Let z(n) be the third derivative of -11*n**4/3 + 35*n**2. Let i be z(-1). Suppose 0 = v - 0*l + 2*l - i, -3*v + l = -292. What is the units digit of v?
6
Let r(v) = 15*v**3 - 7*v**2 + 4*v + 45. What is the thousands digit of r(5)?
1
What is the hundreds digit of (-215 - -217)*4/(-2)*-830?
3
Let c(a) = -371*a**3 - 3*a**2 + 102*a - 12. What is the hundreds digit of c(-6)?
4
Let q be (-150)/24 + 35/28. Let k(x) = 9*x**2 + 10*x + 23. Let z(c) = 5*c**2 + 5*c + 11. Let h(w) = -6*k(w) + 11*z(w). What is the units digit of h(q)?
3
Suppose -242*f - 390379 = -485*f + 220*f. What is the units digit of f?
3
Suppose 8 = -149*i + 145*i. Let t(x) be the second derivative of -23*x**3/6 - 11*x**2/2 - x. What is the tens digit of t(i)?
3
